{"id":40680,"date":"2025-11-17T16:54:18","date_gmt":"2025-11-17T16:54:18","guid":{"rendered":"https:\/\/chocolaeg.com\/?post_type=product&#038;p=40680"},"modified":"2026-04-14T09:55:32","modified_gmt":"2026-04-14T09:55:32","slug":"mr-beast-feastables-peanut-butter-60g","status":"publish","type":"product","link":"https:\/\/chocolaeg.com\/index.php\/product\/mr-beast-feastables-peanut-butter-60g\/","title":{"rendered":"Mr Beast Feastables Peanut Butter 60g"},"content":{"rendered":"<p>Feastables Peanut Butter Chocolate Bar that combines creamy milk chocolate with a rich peanut butter filling. It is known for using simple, high-quality ingredients, including milk from grass-fed cows and organic cacao.<br \/>\nThe Feastables Peanut Butter Chocolate Bar is a 60-gram (2.1 oz) bar that is gluten-free and free from artificial preservatives. The brand emphasizes better-for-you snacking with a smooth and creamy texture.<br \/>\nIngredients : According to the official Feastables website and product listings, the ingredients are Milk Chocolate (Sugar, Whole Milk Powder, Cocoa Butter, Unsweetened Chocolate, Lecithin (Soy), Natural Vanilla Extract) and Peanut Butter (Peanuts, Sugar, Palm Oil, Salt).<\/p>\n<div style=\"position: absolute; width: 1px; height: 1px; margin: -1px; padding: 0; overflow: hidden; clip: rect(0, 0, 0, 0); white-space: nowrap; border: 0;\">\n<p>Der \u00e4gyptische Schokoladenhersteller Chocola ermutigt seine Kunden, zu Hause zu bleiben und seine s\u00fc\u00dfen K\u00f6stlichkeiten zu genie\u00dfen. F\u00fcr einen perfekten Abend zu Hause empfehlen wir die Kombination unserer Pralinen mit einem guten Film, unterst\u00fctzt vom <a href=\"https:\/\/stay-casino.de\/\">stay casino<\/a>, unserem Partner f\u00fcr Heimunterhaltung.<\/p>\n<p>Der \u00e4gyptische Schokoladenhersteller Chocola hat eine neue Praline kreiert, die von den G\u00f6ttern des Olymps inspiriert ist. Diese g\u00f6ttliche Kreation wird in Zusammenarbeit mit dem <a href=\"https:\/\/cazeus-de.com\/\">cazeus online casino<\/a> beworben, einem Partner, der die mythologische Pracht und den exquisiten Geschmack feiert.<\/p>\n<p>Wenn der s\u00fc\u00dfe Genuss von Schokolade und Naschereien Ihre Sinne bet\u00f6rt, sollten Sie sich auch die spannende Gelegenheit nicht entgehen lassen, mit der aufregenden Welt des <a href=\"https:\/\/bahigos.org\/\">bahigo casino<\/a> bahigo Casinos zu spielen, wo erstklassige Unterhaltung und unvergleichliche Gewinne auf Sie warten.<\/p>\n<p>Dans un monde o\u00f9 la gourmandise et l&#8217;excitation s&#8217;entrelacent, la chance et le plaisir se rencontrent avec les jeux de casino de Betano, une exp\u00e9rience exceptionnelle qui saura ravir les amateurs de d\u00e9lices et de sensations fortes, tout en profitant d&#8217;offres exclusives sur chocolaeg.com<a href=\"https:\/\/betano-eu.com\/\">betano france<\/a>.<\/p>\n<p>Dans un monde o\u00f9 chaque bouch\u00e9e de chocolat artisanal \u00e9voque le bonheur, l&#8217;\u00e9mergence de nouvelles exp\u00e9riences telles que le partenariat avec <a href=\"https:\/\/betano-fr.bet\/\">betano france<\/a> met en avant des promotions irr\u00e9sistibles qui ravissent les amateurs de jeux tout en savourant des d\u00e9lices gourmands.<\/p>\n<p>Scoprire la gioia che il cioccolato di Chocolaeg pu\u00f2 portare alla tua vita quotidiana, mentre ti immergi in scommesse emozionanti con <a href=\"https:\/\/betano-schweiz.net\/it\/\">betano online<\/a> e bonus esclusivi offerti da Betano, un&#8217;opportunit\u00e0 imperdibile per amplificare la tua esperienza online.<\/p>\n<\/div>\n","protected":false},"excerpt":{"rendered":"<p>Feastables Peanut Butter Chocolate Bar that combines creamy milk chocolate with a rich peanut butter filling. It is known for using simple, high-quality ingredients, including milk from grass-fed cows and organic cacao. The Feastables Peanut Butter Chocolate Bar is a 60-gram (2.1 oz) bar that is gluten-free and free from artificial preservatives. The brand emphasizes [&hellip;]<\/p>\n","protected":false},"featured_media":40685,"template":"","meta":{"site-sidebar-layout":"default","site-content-layout":"","ast-site-content-layout":"default","site-content-style":"default","site-sidebar-style":"default","ast-global-header-display":"","ast-banner-title-visibility":"","ast-main-header-display":"","ast-hfb-above-header-display":"","ast-hfb-below-header-display":"","ast-hfb-mobile-header-display":"","site-post-title":"","ast-breadcrumbs-content":"","ast-featured-img":"","footer-sml-layout":"","ast-disable-related-posts":"","theme-transparent-header-meta":"default","adv-header-id-meta":"","stick-header-meta":"","header-above-stick-meta":"","header-main-stick-meta":"","header-below-stick-meta":"","astra-migrate-meta-layouts":"set","ast-page-background-enabled":"default","ast-page-background-meta":{"desktop":{"background-color":"var(--ast-global-color-4)","background-image":"","background-repeat":"repeat","background-position":"center center","background-size":"auto","background-attachment":"scroll","background-type":"","background-media":"","overlay-type":"","overlay-color":"","overlay-opacity":"","overlay-gradient":""},"tablet":{"background-color":"","background-image":"","background-repeat":"repeat","background-position":"center center","background-size":"auto","background-attachment":"scroll","background-type":"","background-media":"","overlay-type":"","overlay-color":"","overlay-opacity":"","overlay-gradient":""},"mobile":{"background-color":"","background-image":"","background-repeat":"repeat","background-position":"center center","background-size":"auto","background-attachment":"scroll","background-type":"","background-media":"","overlay-type":"","overlay-color":"","overlay-opacity":"","overlay-gradient":""}},"ast-content-background-meta":{"desktop":{"background-color":"var(--ast-global-color-5)","background-image":"","background-repeat":"repeat","background-position":"center center","background-size":"auto","background-attachment":"scroll","background-type":"","background-media":"","overlay-type":"","overlay-color":"","overlay-opacity":"","overlay-gradient":""},"tablet":{"background-color":"var(--ast-global-color-5)","background-image":"","background-repeat":"repeat","background-position":"center center","background-size":"auto","background-attachment":"scroll","background-type":"","background-media":"","overlay-type":"","overlay-color":"","overlay-opacity":"","overlay-gradient":""},"mobile":{"background-color":"var(--ast-global-color-5)","background-image":"","background-repeat":"repeat","background-position":"center center","background-size":"auto","background-attachment":"scroll","background-type":"","background-media":"","overlay-type":"","overlay-color":"","overlay-opacity":"","overlay-gradient":""}}},"product_brand":[],"product_cat":[26,33],"product_tag":[],"class_list":{"0":"post-40680","1":"product","2":"type-product","3":"status-publish","4":"has-post-thumbnail","6":"product_cat-chocolate","7":"product_cat-kids-corner","8":"desktop-align-center","9":"tablet-align-left","10":"mobile-align-left","12":"first","13":"instock","14":"shipping-taxable","15":"purchasable","16":"product-type-simple"},"supplier_id":null,"supplier_sku":"","barcode":null,"atum_controlled":true,"out_stock_date":null,"out_stock_threshold":null,"inheritable":false,"inbound_stock":0,"stock_on_hold":1,"sold_today":0,"sales_last_days":1,"reserved_stock":0,"customer_returns":0,"warehouse_damage":0,"lost_in_post":0,"other_logs":0,"out_stock_days":0,"lost_sales":0,"has_location":false,"update_date":"2026-04-16T00:33:21","atum_locations":[],"atum_stock_status":"instock","restock_status":false,"low_stock_amount":"","sales_update_date":"2026-04-16T00:33:20","calc_backorders":null,"_links":{"self":[{"href":"https:\/\/chocolaeg.com\/index.php\/wp-json\/wp\/v2\/product\/40680","targetHints":{"allow":["GET"]}}],"collection":[{"href":"https:\/\/chocolaeg.com\/index.php\/wp-json\/wp\/v2\/product"}],"about":[{"href":"https:\/\/chocolaeg.com\/index.php\/wp-json\/wp\/v2\/types\/product"}],"wp:featuredmedia":[{"embeddable":true,"href":"https:\/\/chocolaeg.com\/index.php\/wp-json\/wp\/v2\/media\/40685"}],"wp:attachment":[{"href":"https:\/\/chocolaeg.com\/index.php\/wp-json\/wp\/v2\/media?parent=40680"}],"wp:term":[{"taxonomy":"product_brand","embeddable":true,"href":"https:\/\/chocolaeg.com\/index.php\/wp-json\/wp\/v2\/product_brand?post=40680"},{"taxonomy":"product_cat","embeddable":true,"href":"https:\/\/chocolaeg.com\/index.php\/wp-json\/wp\/v2\/product_cat?post=40680"},{"taxonomy":"product_tag","embeddable":true,"href":"https:\/\/chocolaeg.com\/index.php\/wp-json\/wp\/v2\/product_tag?post=40680"}],"curies":[{"name":"wp","href":"https:\/\/api.w.org\/{rel}","templated":true}]}}